 is the remainder when 49 is divided by v?
1
Suppose -4*d - d + 30 = 0. Suppose d*a - 75 = 21. Suppose -a*m = -8*m - 40. Calculate the remainder when 44 is divided by m.
4
Suppose 4*u = 5*k - 212, -4*k + 3*u + 205 = 35. Suppose 0 = -3*f + 12 - 45. Let b = 4 - f. Calculate the remainder when k is divided by b.
14
Let i = 155 - 147. Suppose 4*j - 376 = 5*t, 4*t = 6*t - i. Calculate the remainder when j is divided by 25.
24
Let y be (28/(-35))/4 - (-1682)/10. Let t = -70 + y. What is the remainder when t is divided by 20?
18
Let j(z) = 2*z**2 - 19*z - 142. Suppose -x - 441 = -5*f, 5*f - x + 3*x - 453 = 0. Calculate the remainder when f is divided by j(15).
20
Let c = 798 - 772. Suppose -5*b + 4*i = -147, 3*b - 2*i - c = 61. Calculate the remainder when b is divided by 20.
7
Suppose 168 = 3*k + 4*k. Let d be (2 - -1) + 5 + -4. Suppose d*a = 558 - 90. What is the remainder when a is divided by k?
21
Let w(i) = -147*i - 844. What is the remainder when w(-9) is divided by 18?
11
Let m = -382 + 476. Calculate the remainder when (-935)/(-2) + 4/(-8) is divided by m.
91
Let x = 110 - -104. What is the remainder when x is divided by 39?
19
Suppose 6*a - 2*a - 128 = 0. Let k(m) = -m**2 - 2*m + 13. Let o be k(3). Calculate the remainder when -2 + o/12 + (-14795)/(-66) is divided by a.
30
Let q(t) = -t**3 + 14*t**2 - 17*t + 61. Let a be q(13). Suppose -2*p + 4*h = a*h - 142, -p + 4*h + 45 = 0. Calculate the remainder when 121 is divided by p.
60
Let r(x) = -x + 4. Let b be r(-2). Suppose -6*h = h. Let a = h + b. What is the remainder when 23 is divided by a?
5
Suppose -5*b + 28 = -b. Suppose 3*a - 2*f = -3 + b, -f - 8 = -3*a. What is the remainder when 6 is divided by a?
2
Suppose 0 = -4*w - 3*i + 126, 2*w = -3*i + 17 + 49. Suppose -3*d + 25*c = 24*c - w, -4*d = -5*c - 40. What is the remainder when 59 is divided by d?
9
Let l be (-15 - 1)*40/(-160). Suppose -l*i + 109 = -s, 3*i - 102 = 3*s - 27. What is the remainder when 587 is divided by i?
27
Let t = 94 + -74. Suppose 0 = 5*f + t, n - f + 1 + 1 = 0. Calculate the remainder when (-2)/n - (-1470)/18 is divided by 14.
12
Let q = -334 - -604. Let s = 275 - q. Suppose -c - 2*c = -45. Calculate the remainder when c is divided by s.
0
Let m(s) = -38*s + 36 + 6*s**2 - 7*s**2 - 95 - 122. What is the remainder when 882 is divided by m(-30)?
56
Let j be (-56)/7 - 4/(-2)*-1. Suppose -3*s = -5*m - 2*s - 17, -5*s = 2*m - 4. What is the remainder when m*(1 - 0) + (j - -130) is divided by 17?
15
Suppose 0 = -2*s + 5*l + 43, -3112*s - 4*l - 12 = -3108*s. Suppose 7*t + 15 = 4*t + y, -9 = -3*y. Let g = -3 - t. What is the remainder when s is divided by g?
0
Let w(q) = -299*q + 7529. What is the remainder when w(25) is divided by -1*(-4 - -1) + 16?
16
Let r = -8 + 4. Suppose 31*t = 26*t + p + 12, t = 3*p - 6. What is the remainder when 16 - r/(-1 + t) is divided by 10?
8
Let q(w) = 29*w + 21 - 80 - 6*w - 67 + 9. Suppose -2*t + 3*r + 70 = -0*t, 4*r + 25 = t. Calculate the remainder when t is divided by q(6).
20
Suppose 5*f = -11*f + 4192. Suppose -218 = -3*a + f. Calculate the remainder when a is divided by 47.
19
Let z(r) = 2*r**3 - 22*r**2 - 2*r - 16. Let d be z(11). Let t = 79 - d. Calculate the remainder when t is divided by 61.
56
Let p(v) = -10*v**2 - 3*v + 3. Let z be p(2). Let y = -26 - z. Suppose -4*c + f + 195 = -0*c, -3*c - 2*f = -138. Calculate the remainder when c is divided by y.
14
Let g be 12/(-42)*-3*(8 + -1). Suppose 0 = -g*o + 92 + 316. What is the remainder when o is divided by 10?
8
Let t = -5493 + 12505. What is the remainder when t is divided by 21?
19
Suppose 3*m + 407 = 494. Suppose -187 = -9*v + m. Suppose -2*x = 3*p - 346, 13 = 2*p + 4*x - 207. What is the remainder when p is divided by v?
22
What is the remainder when 232 is divided by 12/((-180)/(-1185)) + 0 + -2?
1
Let r = 1593 + -2311. Let k = r + 794. Calculate the remainder when k is divided by 26 + (1/1 - 1).
24
Suppose 4*i - 10 = 2*p, 2*i + 5*p = -2 + 1. Calculate the remainder when (-2 + 6)*1 - (-149 + i) is divided by 8.
7
Let s be (1 - 0) + ((-15)/(-3))/1. Suppose -5*i - s = -4*f - 200, 0 = -5*f - 3*i - 261. Let z = 61 + f. What is the remainder when 18 is divided by z?
8
Let a = 322 + -284. Let p = a + -11. What is the remainder when 30 is divided by p?
3
Let i = 619 + 3235. Calculate the remainder when i is divided by 17.
12
Suppose -74 = -4*l + 6. Suppose -l = -3*a - 2*a, -188 = 2*d - 4*a. Let r = d + 96. What is the remainder when 17 is divided by r?
7
Let d(f) = 4*f + 38. Let s be d(-10). Let g(i) = -3*i**2 - 4*i + 6*i**2 - 2*i**2 + i**3 - 1. What is the remainder when 12 is divided by g(s)?
0
Calculate the remainder when 1247 is divided by -4*6/84 + (552/21 - 1).
22
Let x = 35210 - 34081. What is the remainder when x is divided by 228?
217
Let f(r) = 73*r + 84*r - r**2 - 135*r + 45. What is the remainder when f(9) is divided by 41?
39
Suppose -2*m + 17 = -4*z + 23, 4*m + 4*z - 36 = 0. Suppose -5*f - k = -118, m*k = 10*k + 10. What is the remainder when 718 is divided by f?
22
Let c(x) = 2*x**3 + 11*x**2 - 25*x - 21. Suppose -2*d - 2 - 18 = 2*b, -4*d - 5*b = 43. What is the remainder when 173 is divided by c(d)?
5
Let l be (-10)/4*(96/(-20))/4. What is the remainder when 486 is divided by (8/(-64)*122)/(l/(-12))?
59
Suppose 125*o + 7686 = 188*o. Calculate the remainder when o is divided by 10.
2
Suppose -58*y - 53*y + 1397 = -100*y. Calculate the remainder when 390 is divided by y.
9
Let s(r) = 7*r - 9. Let l be s(12). Let h = 86 - l. What is the remainder when 18 is divided by h?
7
Suppose 5*r = 4*f - 0*f + 222, -4*r + f = -171. Suppose -5*o + 371 = -314. Let c = o - 122. Calculate the remainder when r is divided by c.
12
Let n = 7220 + -7160. Calculate the remainder when 1259 is divided by n.
59
Suppose -59 + 12 = 4*x - 3*z, 0 = -5*x + z - 45. What is the remainder when 723 - -2*(5 + x) is divided by 90?
87
Let p(m) = 113*m - 955. What is the remainder when p(14) is divided by 28?
11
Suppose 4*v + 11 = 5*v + 3*q, 2*q = v - 6. Let g = 334 + -334. Suppose 4*m + 49 = 3*s - g*s, -2*m = 8. Calculate the remainder when s is divided by v.
3
What is the remainder when (1150/300)/((-1239)/414 - -3) is divided by 106?
105
Let t(z) = 2*z**3 - 10*z**2 + 19*z + 4. Calculate the remainder when 264 is divided by t(2).
12
Calculate the remainder when 3450 is divided by (-44)/(-33)*(44 - 8).
42
Let a(c) = 4*c**3 - 5*c**2 - 54*c + 328. Calculate the remainder when a(8) is divided by 17.
9
Let s = 83 + -81. Let d be (-7 + 32/s)*(0 - -1). Let h = 28 - d. Calculate the remainder when 35 is divided by h.
16
Let c = -13 + 17. Let u(w) be the second derivative of -w**5/20 + w**4/3 + 5*w**3/6 - w**2 - 2*w. What is the remainder when u(c) is divided by 7?
4
Suppose 0 = 2*o + 3*h - 229 - 364, -15*o - 5*h + 4360 = 0. Calculate the remainder when o is divided by 84.
37
Calculate the remainder when 679/(0 - -1 - (22 - 22)) is divided by (-20)/(4 + 1*(-5)/1).
19
Let q = 5 + 11. Let t(v) be the first derivative of -3*v**4/2 + 4*v**3/3 + 3*v**2/2 + v - 21. What is the remainder when t(-2) is divided by q?
11
Let o(s) = 2*s**2 + s + 1. Let n(g) = 8*g**2 + 23*g - 17. Let v(z) = n(z) - 5*o(z). Calculate the remainder when -1 - (-1 + 1 + -22) is divided by v(7).
3
Suppose c = r + 47, 5*c - 4*r = 4*c + 62. Suppose 0 = a + 1 - 8. Suppose -4*n + a*n - 45 = 0. What is the remainder when c is divided by n?
12
Let q(j) = 18 + 9*j - 4*j + 69*j**2 - 12*j - 15*j + 14*j. What is the remainder when q(2) is divided by 40?
38
Let t(i) = 2*i**2 - 40*i + 197. Calculate the remainder when t(25) is divided by 9.
6
Suppose 2*f - 3*f + 21 = 0. Let s = -80 + 87. Suppose 5*g - s*g = -122. Calculate the remainder when g is divided by f.
19
Calculate the remainder when (11 + -107)/(-12) + (985 - 0) is divided by 127.
104
Suppose 22*k - 3*x - 19514 = 17*k, -5*k - 2*x = -19524. Calculate the remainder when k is divided by 31.
29
Suppose -33*f - 287898 = -71*f - 40*f. What is the remainder when f is divided by 80?
11
Let w = 229 + -225. Suppose w*p = 9*p - 60. Calculate the remainder when p is divided by 4.
0
Suppose 0 = -2*b + 8, -k + 4*b = 5*b - 6. Suppose -k*h + 50 + 96 = 0. Calculate the remainder when 229 is divided by h.
10
Let p = -100 - -95. Let c = -2 - p. Suppose -8 + c = -q. 